ed by y?
5
Suppose 67*c - 71929 = 43043. Calculate the remainder when c is divided by 570.
6
Let n = -36 - -76. Suppose n = 2*d - 4*l - 88, -2*d + 2*l + 122 = 0. Suppose -3*z + 18 = -72. Calculate the remainder when d is divided by z.
28
Let q be ((-28)/(-10))/((-836)/(-120) - 7). Let n = q - -59. Let u(g) = -3*g - 51. What is the remainder when 190 is divided by u(n)?
22
Let k(x) = 50*x**2 + 20*x - 18. Suppose w - 282 = -2*r + 5*w, 2*r = -2*w + 312. What is the remainder when r is divided by k(1)?
47
Suppose -24774*d + 24795*d - 135156 = 0. What is the remainder when d is divided by 58?
56
Suppose -760*r + 757*r + 5*a + 37 = 0, -4*r + 41 = -5*a. Let z = 6 + -8. What is the remainder when (-52)/(-6) - z/6 is divided by r?
1
Suppose -v + 13*i - 11*i + 87 = 0, 0 = 6*v + 3*i - 537. What is the remainder when v is divided by 69?
20
Suppose 0 = 2*f - 5*q + 3, -2*f + 0*q = 3*q + 11. Let u(m) = -m**3 - 2*m**2 + 6*m + 14. Let p be u(f). What is the remainder when 65 is divided by 0*1/(-3) + p?
21
Let m(l) = -l**2 - 16*l + 56. Let i be m(-20). Let w = i - -88. What is the remainder when w is divided by 22?
20
Let o(c) = -c**2 + 32*c + 1051. What is the remainder when 878 is divided by o(-20)?
9
Let v be 7/7 - -435*1. Let a = v + -243. Calculate the remainder when a is divided by 39.
37
Let i be ((2 + 1)*1)/((-9)/9). What is the remainder when 117 is divided by i/(-5)*10 + 5?
7
Let a = -23692 - -24434. Calculate the remainder when 755 is divided by a.
13
Suppose 0 = -4*l - m + 9, -5*l + 0*m + 12 = m. Suppose 19 + 32 = l*z. What is the remainder when 219 is divided by z?
15
Suppose i = 5*u - 0 - 2, 0 = 4*i - 2*u - 28. Calculate the remainder when 13 is divided by i.
5
Let s be (-1614)/4*(-616)/132. Suppose -s + 154 = -7*y. Suppose -2*f = 5*b - 90, 2*f - 6*f + 194 = 3*b. Calculate the remainder when y is divided by f.
47
Let g(x) = x**3 + 18*x**2 - 23*x - 11. Let o be g(-19). Let t be o - 1*(-3 - -4). What is the remainder when -1 + (-2)/2 - (-5 - t) is divided by 10?
7
Let g = -29 - -32. Suppose w + 0*w = 2*c - 1240, -g*w - 3102 = -5*c. Let k = c + -430. Calculate the remainder when k is divided by 38.
36
Suppose 5*r + 2*q = 8135, -r = -q + 5*q - 1627. What is the remainder when r is divided by 44?
43
Suppose 3*k + 269 = 143 + 165. Calculate the remainder when 1091 is divided by k.
12
Let d = -65 - -81. Suppose d*f + 41 = 17*f. Let g = -43 - -66. Calculate the remainder when f is divided by g.
18
Let f = 1212 - 173. What is the remainder when f is divided by 12?
7
Let m(y) = y**2 + 2*y - 137. Suppose 63 = 4*n - 3*n. Suppose n = l + 19. What is the remainder when m(14) is divided by l?
43
Let s = -2741 - -3437. Calculate the remainder when s is divided by 147.
108
Suppose 0 = -22*w + 8*w + 34*w - 700. What is the remainder when 23764 is divided by w?
34
Let q = 12 + -5. Let d(t) = 20 + 17 - 19 + 16 - 2*t. Calculate the remainder when 37 is divided by d(q).
17
Suppose -37 = -3*l - 28. Suppose 2*c - 95 = -l*c. Calculate the remainder when c is divided by 10.
9
Let g(v) = -5*v**2 - 3*v + 1. Let u be g(-3). Let j = 41 + u. Suppose j*b + 2*b = 384. Calculate the remainder when b is divided by 17.
14
Suppose 4*i - 3*d - 44 = -0*i, 5*i - 58 = 3*d. Calculate the remainder when (-1*2)/((-600)/(-152) + -4) is divided by i.
10
Suppose 3*p - 31*f - 33 = -26*f, 5*p - 5*f - 65 = 0. What is the remainder when 154/p*22 - (-3)/12 is divided by 8?
4
Let v(o) = o**3 - 3*o**2 + 7*o - 6. Suppose h = 6 + 1. Let u(q) = 3*q - 7. Calculate the remainder when v(4) is divided by u(h).
10
Suppose -690 + 190 = -92*b + 604. Calculate the remainder when 370 is divided by b.
10
Let m = -7900 - -8275. What is the remainder when m is divided by 76?
71
Let b be 48/(-32)*(-10)/3. Suppose 124 = -b*z + 4*h, 5*h - 59 - 66 = 5*z. Let p = 85 + z. Calculate the remainder when p is divided by 9.
7
What is the remainder when (3*(-24)/96)/(3606/3608 - 1) is divided by 188?
37
Let d = -118 - -120. Suppose -8 = -2*x, -2*c + 3*x + 293 = 3*c. Calculate the remainder when c is divided by d.
1
Let l = 406 + -405. Let a = -9 + 10. What is the remainder when a/(126/124 - l) is divided by 34?
28
What is the remainder when 5/10*6 - (-44 + -4) is divided by (-5 - 0)/(((-25)/65)/1)?
12
Suppose -177*w + 10277 = -16450. What is the remainder when w is divided by -26*(2 - 1)*-1?
21
Let s(u) be the third derivative of u**5/60 + u**4/8 - u**3/6 + u**2. Calculate the remainder when ((-25)/15)/((-210)/3276) is divided by s(-4).
2
Let x = -1720 + 1783. What is the remainder when 1067 is divided by x?
59
Let t(v) = -2*v**3 + 80*v**2 - 66*v - 401. What is the remainder when 426 is divided by t(39)?
24
Suppose -5*u = -25, 7*u - 2*u = 2*g - 219. Calculate the remainder when 608 is divided by g.
120
Suppose -345 = -5*d - 18*d. Let r(p) = -9*p - 18. Let g be r(-15). Suppose 11*q - g = 8*q. Calculate the remainder when q is divided by d.
9
Let l be (78 - 84) + (1 - 792). Let a = 866 + l. What is the remainder when 342 is divided by a?
66
Suppose -2*c = -g + 2*c + 1037, 4*g = 3*c + 4096. Suppose -155 = -6*m + g. Suppose 3*t = m - 13. What is the remainder when t is divided by 16?
13
Suppose 3*w - 1046 + 355 = -v, -5*w - v = -1157. What is the remainder when 8616 is divided by w?
228
Let n = -15 + 27. Suppose -749 = -n*y + 955. What is the remainder when y is divided by 75?
67
Let n(h) = -h - 4. Let o be n(-4). Suppose 0*d - 3*d + 117 = o. Let c(u) = -4*u**3 + 4*u**2 - 4*u - 3. What is the remainder when c(-3) is divided by d?
36
Let k(z) = z**3 - 115*z**2 + 122*z - 770. What is the remainder when 629 is divided by k(114)?
61
Let b = 42 - 13. Let s = 832 - 733. Suppose -s*u = -32*u - 737. What is the remainder when b is divided by u?
7
Let x(d) = -18*d - 263. Calculate the remainder when 382 is divided by x(-17).
38
Suppose 0 = 22*f - 32*f + 70. Calculate the remainder when 108 is divided by (69/(-6 - -3))/(f/(-14)).
16
Let w = 190 - -172. Let y = w + -276. Calculate the remainder when y is divided by 15.
11
Let k(h) = -7*h + 142. Let u be k(13). Suppose 0 = -u*c + 49*c + 52. Suppose -r = 4*i + 7, -24 = 4*i - 8. Calculate the remainder when c is divided by r.
8
Let k(f) be the first derivative of 2*f**2 + 45*f - 188. Suppose 0 = -5*u + 6 + 19, -x - u + 10 = 0. What is the remainder when k(-9) is divided by x?
4
Let h(a) = a**2 + 19*a - 57. Let i be -2*((-55)/(-2) - (-3 + 2)). Let b = -82 - i. What is the remainder when h(b) is divided by 32?
29
Suppose 13*u = 2*r + 14*u - 725, 7*u = -3*r + 1082. What is the remainder when 559 is divided by r?
196
Let z = 127 - 136. Calculate the remainder when 33 is divided by (-2)/(z/((-81)/(-2))).
6
Let u = 109 + -60. Let z = 407830 - 407720. What is the remainder when z is divided by u?
12
Suppose -3*m - 18*i + 10118 = -22*i, -5*m + 16894 = i. What is the remainder when m is divided by 38?
34
Let y be (-6)/(31/11 - 3). Suppose 0 = -5*i + 108 - y. Calculate the remainder when 3 is divided by (-2)/(-16) + i/8.
1
Suppose -122 = -4*q + 3*u, q + 0*u = 3*u + 26. Let d(g) = g**3 - 23*g**2 + 8*g - 28. Calculate the remainder when d(23) is divided by q.
28
Let s be 282/18*1 - (-2)/6. Let p be 2/(-8) - (-2260)/s. Calculate the remainder when 28 is divided by (-24)/108 + p/27.
3
Suppose -79*c + 276145 + 130835 = -16*c. Calculate the remainder when c is divided by 1076.
4
Suppose -4896 = 15*s + 2*s - 89*s. What is the remainder when 85 is divided by s?
17
Let a = 11656 + -11260. What is the remainder when a is divided by 134?
128
Let k = 2 + 2. Suppose 71 = -8*v + 218 + 189. Suppose x = k*x - v. What is the remainder when 79 is divided by x?
9
Suppose 7*u - 36 = -8. Suppose -2*t + 16 + 2 = -u*q, -4*q = 4*t. Calculate the remainder when t/((-36)/(-123)) - 9/36 is divided by 6.
4
Let h be (-1388)/(-9) + 10/(-45). Suppose 161*f = 159*f + h. What is the remainder when f is divided by 21?
14
Calculate the remainder when 3793 is divided by (-4 - (-20)/5 - (1 + 3)) + 17.
10
Let s = -30 - -16. Let x = s - -23. Suppose -j = -2*g + 5, 5*j - 7*j + 6 = 4*g. Calculate the remainder when x is divided by g.
1
Let v = -6202 - -6188. Let c(d) = 3*d + 9. Let a(k) = -3*k - 10. Let m(j) = 6*a(j) + 5*c(j). Calculate the remainder when 106 is divided by m(v).
25
Let s(o) = 239*o - 20 - 124*o - 129*o + o**2. What is the 